nd 1499925?
525
What is the highest common factor of 25115 and 10?
5
What is the highest common divisor of 36 and 2688?
12
Calculate the greatest common divisor of 1276 and 32252.
44
Calculate the greatest common divisor of 161609 and 14.
7
Calculate the greatest common factor of 44 and 14641.
11
What is the highest common factor of 2 and 291898?
2
What is the greatest common divisor of 1160 and 297250?
290
Calculate the highest common factor of 2413 and 323.
19
Calculate the highest common factor of 991 and 28739.
991
Calculate the highest common factor of 388762 and 862.
862
Calculate the highest common divisor of 165225 and 150.
75
Calculate the greatest common factor of 603 and 105592.
67
Calculate the highest common factor of 4310 and 1250.
10
What is the highest common divisor of 4296 and 22375?
179
What is the highest common factor of 877912 and 257?
257
Calculate the greatest common factor of 408360 and 11685.
615
What is the greatest common factor of 675 and 783?
27
What is the highest common divisor of 10574200 and 98?
98
What is the greatest common divisor of 51497 and 46?
23
Calculate the highest common factor of 1595 and 968165.
1595
What is the greatest common divisor of 276 and 11362?
46
Calculate the greatest common factor of 31 and 1689469.
31
What is the greatest common divisor of 48425 and 1175?
25
What is the greatest common factor of 467 and 432909?
467
Calculate the highest common divisor of 14 and 259182.
14
Calculate the greatest common divisor of 235258 and 1510.
302
What is the highest common factor of 131121 and 2448?
153
Calculate the highest common divisor of 190 and 2534410.
190
What is the greatest common divisor of 1028641 and 19?
19
Calculate the greatest common divisor of 18 and 96366.
6
Calculate the greatest common divisor of 11970 and 195.
15
Calculate the highest common divisor of 135 and 282411.
9
Calculate the greatest common factor of 506 and 252494.
506
Calculate the greatest common factor of 133 and 80213.
7
What is the highest common factor of 11011 and 28?
7
What is the greatest common factor of 1692 and 21564?
36
Calculate the highest common divisor of 20253 and 129.
129
Calculate the greatest common factor of 148 and 2230138.
74
Calculate the highest common factor of 23886 and 72.
18
What is the greatest common factor of 80 and 2160?
80
Calculate the greatest common factor of 1122 and 14892.
102
Calculate the highest common divisor of 208734 and 342.
114
What is the highest common factor of 216 and 4046112?
216
What is the highest common factor of 40 and 13903160?
40
Calculate the highest common divisor of 79380 and 1680.
420
Calculate the greatest common factor of 3641 and 6952.
11
What is the greatest common divisor of 1666305 and 945?
135
What is the greatest common factor of 1121 and 2478?
59
What is the greatest common factor of 1633 and 10962329?
1633
Calculate the highest common factor of 10207 and 6667.
59
What is the greatest common factor of 6 and 103002?
6
Calculate the greatest common factor of 928 and 3264.
32
What is the highest common factor of 8801131 and 733?
733
What is the greatest common divisor of 6960 and 14270?
10
What is the greatest common factor of 2962 and 268?
2
What is the greatest common divisor of 202 and 809?
1
Calculate the highest common divisor of 152 and 2632.
8
Calculate the greatest common divisor of 164 and 301186.
82
What is the highest common divisor of 4 and 2918?
2
Calculate the greatest common factor of 1206 and 1252230.
402
Calculate the greatest common factor of 1441 and 154.
11
Calculate the greatest common factor of 132086 and 1252.
626
Calculate the greatest common divisor of 8359 and 481.
13
What is the highest common factor of 20 and 1043720?
20
Calculate the highest common factor of 666 and 49173.
111
Calculate the greatest common divisor of 425052 and 99.
9
Calculate the highest common divisor of 1118 and 4186.
26
Calculate the highest common divisor of 262 and 59343.
131
What is the highest common factor of 21 and 2754178?
7
Calculate the highest common factor of 39 and 4443.
3
Calculate the highest common factor of 106 and 3706.
2
Calculate the highest common divisor of 44247 and 1470.
147
Calculate the greatest common factor of 213 and 100536.
213
Calculate the highest common factor of 139790 and 910.
70
Calculate the greatest common factor of 27683 and 1178.
589
What is the greatest common factor of 323 and 19125?
17
What is the greatest common factor of 13394 and 148?
74
What is the highest common factor of 645381 and 492?
123
Calculate the highest common factor of 377317 and 127.
127
What is the highest common factor of 1140 and 56772?
228
What is the greatest common divisor of 19 and 55157?
19
Calculate the highest common divisor of 30688 and 7946.
274
Calculate the highest common divisor of 747 and 1922612.
83
Calculate the highest common divisor of 6562 and 136.
34
What is the highest common factor of 265462 and 22456?
802
Calculate the greatest common factor of 1355 and 125744.
271
What is the highest common divisor of 380 and 84113?
19
Calculate the greatest common divisor of 50730 and 18.
6
What is the greatest common divisor of 5331 and 744?
3
What is the greatest common factor of 1085 and 3010?
35
Calculate the greatest common divisor of 6720 and 5680.
80
What is the highest common divisor of 60 and 1861140?
60
What is the highest common factor of 2192 and 1456?
16
Calculate the greatest common factor of 751854 and 1788.
894
Calculate the greatest common factor of 16296 and 189.
21
Calculate the highest common factor of 126 and 27006.
42
Calculate the greatest common divisor of 151584 and 60.
12
Calculate the greatest common factor of 92 and 86158.
46
What is the highest common divisor of 302 and 81238?
302
What is the greatest common divisor of 654 and 22?
2
Calculate the greatest common factor of 125 and 54125.
125
Calculate the greatest common factor of 160475 and 1470.
245
Calculate the highest common divisor of 168 and 74172.
84
Calculate the greatest common factor of 150059 and 70.
7
What is the highest common divisor of 7312 and 1328?
16
Calculate the highest common factor of 59048 and 366.
122
Calculate the highest common factor of 201943 and 68.
17
Calculate the highest common divisor of 105171 and 363.
33
Calculate the greatest common factor of 20 and 2255.
5
What is the highest common divisor of 527202 and 78?
78
Calculate the highest common divisor of 44 and 60236.
44
What is the greatest common divisor of 448 and 9440?
32
Calculate the greatest common divisor of 36 and 59392.
4
What is the greatest common factor of 4752 and 490512?
528
Calculate the highest common divisor of 428 and 72118.
214
Calculate the greatest common divisor of 5974 and 51912.
206
What is the greatest common divisor of 101695 and 731?
43
Calculate the greatest common factor of 1252 and 728.
4
Calculate the highest common factor of 176947 and 268.
67
What is the highest common divisor of 9548623 and 602?
301
What is the highest common divisor of 17706 and 156?
78
What is the highest common divisor of 58 and 5249?
29
What is the highest common factor of 21182 and 3115?
623
What is the greatest common divisor of 115 and 441071?
23
What is the greatest common divisor of 3112 and 70409?
389
Calculate the greatest common factor of 195712 and 44.
44
What is the greatest common factor of 1274980 and 10?
10
Calculate the highest common divisor of 405 and 126603.
81
What is the highest common divisor of 41724 and 17043?
57
What is the greatest common divisor of 7795733 and 22?
11
What is the greatest common divisor of 31747 and 53?
53
Calculate the greatest common factor of 2158 and 172308.
166
What is the highest common divisor of 592 and 1258?
74
Calculate the greatest common divisor of 33453 and 162.
81
Calculate the highest common factor of 191 and 146879.
191
What is the greatest common divisor of 9 and 3248109?
9
What is the highest common divisor of 48 and 21492?
12
What is the greatest common factor of 658 and 1903?
1
What is the greatest common divisor of 81 and 3500577?
81
What is the highest common factor of 9646 and 8554?
182
Calculate the greatest common divisor of 4427564 and 4.
4
What is the greatest common factor of 68 and 2778956?
68
